 composite number?
True
Let k = -202 - -381. Is k a composite number?
False
Let p be (-2)/(-2) - (-2 + -1). Is (-5 + p)/(1/(-19)) prime?
True
Let v(a) = -2*a**3 + 5*a**2 + 2*a - 3. Let b be v(2). Let z(q) = -q**2 + 5*q. Let t be z(5). Suppose y - 2*g - 41 = g, t = -y - b*g + 25. Is y composite?
True
Let u be ((-5)/(-3))/((-2)/72). Let v be u/(-2*1) - -1. Suppose -3*n - 14 = -w, -5*n - v + 138 = 4*w. Is w a prime number?
True
Let a = -11 - -7. Is ((-38)/a)/((-4)/(-24)) prime?
False
Let i be -1 + 1 - (-1)/1. Let c be i/(-5) - (-149)/(-5). Is (-2322)/c - 2/5 composite?
True
Let k be 2/(-5) - (-386)/(-10). Let b = -59 - k. Is (2/(-4))/(1/b) a composite number?
True
Let l(a) = -a**3 + 4*a**2 + 4*a + 5. Let f be l(5). Suppose f = -z + 71 + 29. Suppose 2*g + 2*g - z = 0. Is g composite?
True
Let b(c) = 2*c**3 - 6*c**2 + 2*c - 7. Is b(4) composite?
True
Suppose 0 = c - b - 28 - 35, 12 = 3*b. Suppose -15*x - 6 = -18*x. Suppose x*g = 4*m - 3*m - 41, g + c = 2*m. Is m composite?
False
Let u(s) = 18*s**2 + 3*s + 4. Let r be u(-3). Is (-1)/4 - r/(-4) composite?
True
Let g(i) = -i**2 + 8*i - 8. Let c be g(6). Suppose -c*u + 76 = -64. Is u a composite number?
True
Suppose -2*s - 1946 = -6052. Is s prime?
True
Suppose -5*h = -4*m + 3941, 2*m + 0*m = 3*h + 1971. Let f = m + -478. Let w = -349 + f. Is w composite?
False
Suppose q = -h + 6 - 18, 2*q - h = -12. Let m be (41 + 0/2)*1. Let o = q + m. Is o prime?
False
Suppose 3*g = -2*y + 3*y + 152, 3*g + 5*y = 122. Suppose 56 + g = 3*c. Is c composite?
True
Is 80 - (-1 - 2 - 0) composite?
False
Suppose -6*i = -i. Let w = i + 3. Suppose -w*p = 5*b - 238, -p = -5*b - 5*p + 239. Is b a prime number?
True
Let o(y) = 35*y**2 - 2*y + 1. Is o(4) a prime number?
False
Let i = -1876 + 3723. Is i composite?
False
Let p = -60 + 439. Is p composite?
False
Suppose 157 = 3*x - 3*u + 433, 0 = -x - u - 90. Let z = 20 - x. Is z a composite number?
True
Let a(x) = x**3 + 6*x**2 - 7*x + 3. Let c be a(-7). Suppose -9 + 39 = -4*m + 2*y, 4*y - 5 = -c*m. Let i(o) = 3*o**2 + 2*o - 6. Is i(m) composite?
False
Suppose 3*w - 970 = -2*w. Is w prime?
False
Let d be 31 - 1*0/(-2). Let h = d - 13. Suppose -5*x = 2*w - 18, -x + 90 = 4*w + h. Is w a composite number?
False
Suppose -s = 5*x - 9235, 1416 = x - 5*s - 431. Is x a composite number?
False
Let u(q) = 3*q**2 + q + 4*q**2 + 1 + 0*q - 5*q**2 + q**3. Suppose -j - 3*s + 11 = -0*s, 4*s = -4*j + 20. Is u(j) a prime number?
True
Let d(a) = 2*a**2 + 2*a - 1. Let o be d(1). Suppose 0 = -3*c - 5*s + 14, -c - 4*s = o*c - 32. Suppose -2*i - 3*j = -54, c = -5*j - 7. Is i a composite number?
True
Suppose 4*j - 606 - 66 = 0. Suppose 5*c - 3*g + j = 571, -2*g - 75 = -c. Is c a prime number?
True
Let v(f) = -f**3 + 5*f - 3*f + 2 - 2*f - 3*f**2 + f. Let i be v(-3). Is (-174)/(-9) + i/3 composite?
False
Let h be (-1)/(1 + (-20)/18). Let a(v) = 62*v - 3. Let i be a(h). Suppose 0 = 3*l - 6*l + i. Is l prime?
False
Suppose 0 = 9*v - 4*v + 125. Is (-5)/v + 428/10 prime?
True
Suppose 16*u - 15*u - 185 = 0. Is u prime?
False
Let m(h) = 4*h**2 + 5*h - 6. Let q be m(-6). Let k(y) = -5*y. Let d be k(5). Let g = q - d. Is g a composite number?
True
Suppose 8 = y - 3*y. Let f = -8 - y. Is (0 + f)/(8/(-20)) prime?
False
Let m be (-2)/(-11) + (-126)/(-33). Let w = m + -9. Is ((-4)/w)/(6/30) prime?
False
Is ((-3855)/10)/((-3)/6) composite?
True
Is (-593)/(-4) - (-21)/28 a composite number?
False
Let m = 4 + 48. Suppose 9*p - m = 5*p. Is p a prime number?
True
Suppose -3*a + 2*f - f + 2590 = 0, -a + 850 = -3*f. Is a a composite number?
True
Suppose -553 = -a - 0*a + w, 0 = 3*a + 2*w - 1649. Is a a prime number?
False
Let f(s) = -5*s**3 - 3*s**2 - s + 1. Suppose 4*n + 6 = n. Let o be f(n). Let i = o + 3. Is i composite?
True
Suppose 3*l - 16 = 20. Let p = l - -3. Is p composite?
True
Let z = -24 + 52. Let u = -13 + z. Suppose 4*f - 81 - 230 = -b, 0 = 5*b - u. Is f composite?
True
Suppose 3109 = -8*l + 8525. Is l a composite number?
False
Let c be (2/(-4))/(1/2). Is c/1 + (-620)/(-5) a composite number?
True
Suppose q - 242 = -q - 3*g, 2*q = -g + 238. Let x = -12 + 15. Suppose -x*m + q = -m. Is m composite?
False
Suppose n + 1869 = 4*n. Is n a composite number?
True
Let j(r) = 4*r**2 + r + 2. Let k(f) = 3*f**2 + f + 2. Let v(b) = 4*j(b) - 5*k(b). Let d be v(-2). Suppose -114 = d*p - 6*p. Is p a prime number?
False
Let u(k) = -k**3 - 3*k**2 - k + 4. Let r be u(-3). Suppose -3*x = -4*p + r, -5*p + 6*x + 11 = 3*x. Suppose 2*y - p*y = -154. Is y composite?
True
Let q be -1*3*(-6)/9. Is 70 - 1*q/(-2) composite?
False
Let u = -3 - -4. Is u*((3 - 5) + 267) composite?
True
Let m = 8 + -8. Suppose m = w + b - 0*b - 215, -2*w = 4*b - 438. Is w a composite number?
False
Suppose 3*w - 2*v = 3*v - 16, 3*v - 18 = -w. Suppose -113 = 2*b + 3*s, w*b + 97 + 105 = 2*s. Let r = b - -107. Is r composite?
False
Suppose o - 2 - 111 = 0. Is o prime?
True
Is ((-179)/2)/(1/(-2)) prime?
True
Is (-2)/((-2)/83)*(-2 + 3) a composite number?
False
Let k(c) = -c**2 - 11*c - 4. Let x be k(-10). Let r = -7 + x. Is (-70)/r + -1 + -2 a prime number?
True
Suppose -4*u - u + 5*t + 4460 = 0, 0 = -2*u + 4*t + 1790. Is u composite?
True
Suppose 3*p = 482 + 1735. Is p composite?
False
Suppose 3*a = 2*a + 107. Suppose -a = -3*r - 6*j + j, 4*r - 2*j - 160 = 0. Is r a prime number?
False
Let f(j) = j**2 + 5*j - 4. Let v be f(-6). Let h be 2 - (-1 - -1)/1. Suppose h*n - 237 = -q, -q - 240 = -v*n + q. Is n a composite number?
True
Suppose -3*n + 1 = 5*j - 10, -5*n + 1 = 4*j. Let u(k) = -4*k**2 + 2*k + 4. Let o be u(n). Is (o/4)/(5/(-10)) a prime number?
True
Let p = -1 - -1. Let n(l) = l**3 - l**2 - l + 33. Is n(p) a composite number?
True
Suppose 363 + 641 = 4*n. Is n prime?
True
Let h(o) = o + 9. Let l be h(-4). Suppose 0 = p + l - 1, -2*w = -5*p - 496. Suppose 177 = 5*k - w. Is k prime?
True
Let x be 2 + (4 - 2)*-4. Let l = 11 + x. Suppose -156 = -2*i + 2*m, 5*m + 74 = -l*i + 474. Is i composite?
False
Let i = -6 - -6. Let d(r) = -r + 2. Let g be d(0). Suppose -2*m + 479 = 4*x + m, i = -g*m + 2. Is x a composite number?
True
Suppose -4*l + 869 = -927. Is l a composite number?
False
Let u(x) = 414*x**2 - 3*x + 5. Is u(2) composite?
True
Let b(s) = 4*s**2 + 8*s - 11. Is b(-6) prime?
False
Is 3355 + -1 + (3 - 4) prime?
False
Let u(y) = -y**2 + 456. Let t = 0 - 0. Let d be u(t). Let j = -193 + d. Is j a composite number?
False
Let w be 1/(1 - 2) - -77. Suppose -3*q + s = -0*s - 44, -w = -5*q - s. Is q composite?
True
Let n = 4 - 2. Let u(c) = 2*c**2 - 2*c**n + 8*c - c**2 + 3. Is u(7) composite?
True
Suppose 4*b = 0, 3*b = 4*s - b. Suppose s = -5*y + 849 - 34. Is y composite?
False
Let n(i) = -2*i**3 + 4*i**2 + 3*i - 4. Is n(-3) a composite number?
True
Suppose 14 = 5*p - 106. Is ((-6)/p)/(1/(-236)) a composite number?
False
Suppose -36*w = -40*w + 9412. Is w composite?
True
Suppose -h - 3*f = 4*h + 75, 2*h - 2*f + 30 = 0. Let z be ((-8)/(-10))/((-2)/h). Suppose 4*i = 0, i + 21 = 3*w + z*i. Is w a prime number?
True
Let x = 7 - 0. Let k be x/4 + (-8)/(-32). Suppose 7*g - k*g = 30. Is g prime?
False
Suppose -4*i = 2*u + 72, 0*i - 5*i - 95 = 5*u. Suppose 2*d + 4 = -p, 33 = -3*p + 2*d - d. Let z = p - i. Is z a prime number?
True
Let s = 303 - 438. Is (-8)/28 - s/7 a prime number?
True
Let l be 9/(-6)*68/(-6). Suppose -5*i = 28 + l. Is (-6)/4*84/i prime?
False
Let g(c) = -c**3 - 9*c**2 - 8*c + 3. Let r be g(-8). Suppose 5*w + 5 = 4*f - 3*f, -r*f = -5*w - 35. Is f a composite number?
True
Suppose 3*s - 5*u - 25 = 0, 4*s + 15 = 4*u + 35. Suppose s = 4*m + m - 25, -3 = 3*w - 3*m. Let v(c) = -c**3 + 6*c**2 - 3*c + 5. Is v(w) a composite number?
True
Let g = 5 - -1. Let d = g - 1. Suppose -n = 3*o - 278, 0*o - n = d*o - 460. Is o a prime number?
False
Let n = -957 + 1735. Suppose -2*q = -5*q - 4*w + n, -2*w - 1008 = -4*q. Is ((-4)/2)/((-4)/q) a prime number?
True
Let a = 3 + -5. Let y = -2 + -5. Is a/y + (-369)/(-7) a composite number?
False
Suppose 6*i = 9*i - 1893. Is i a composite number?
False
Let b(y) = 9*y**2 - y + 1. Suppose 0 = 2*o + 3*l - 6 + 2, -5*o + 10 = -4*l. Suppose o*s - 6*s - 2*x = -18, 4*s - 28 = -4*x. Is b(s) a composite number?
True
Let t = -249 - -884. Is t a composite number?
True
Is 6046*(-4)/(-32) - (-3)/(-4) a composite number?
True
Let u = 103 + -68